in base 8?
1033
Convert -109 (base 14) to base 6.
-541
What is -251a7 (base 12) in base 11?
-34943
What is 307a (base 11) in base 12?
2440
Convert -a0 (base 14) to base 16.
-8c
What is -1602 (base 9) in base 8?
-2301
3a435 (base 11) to base 14
17095
127 (base 8) to base 4
1113
What is -a55 (base 13) in base 4?
-123200
Convert -220310 (base 7) to base 3.
-1221220112
What is 23201112 (base 4) in base 2?
1011100001010110
What is 3291 (base 11) in base 5?
114320
What is -66e (base 16) in base 11?
-1267
222413 (base 5) to base 13
3766
What is 5767 (base 11) in base 7?
31041
Convert 18e7 (base 16) to base 2.
1100011100111
24b (base 15) to base 10
521
-126 (base 7) to base 15
-49
What is -13e (base 15) in base 12?
-1b8
What is 2920 (base 13) in base 12?
3531
What is -5334 (base 6) in base 11?
-a00
What is 5457 (base 8) in base 16?
b2f
What is 1020 (base 3) in base 12?
29
-a9 (base 12) to base 9
-153
240 (base 8) to base 7
316
Convert 1203102 (base 4) to base 12.
3816
What is b1 (base 13) in base 15?
99
What is -173 (base 15) in base 7?
-654
-14324 (base 6) to base 11
-1797
1376 (base 9) to base 16
411
Convert 553 (base 8) to base 10.
363
-12622 (base 7) to base 12
-1b71
Convert 1011100110100000 (base 2) to base 5.
3010040
Convert -2f3 (base 16) to base 6.
-3255
-1001001010010010 (base 2) to base 7
-214252
What is -1379 (base 16) in base 5?
-124420
What is -4162 (base 13) in base 8?
-21515
What is -5bac (base 14) in base 12?
-9338
Convert 22262 (base 7) to base 15.
1a05
-12502 (base 7) to base 15
-ec4
1222110022 (base 3) to base 16
9839
-14a7 (base 13) to base 6
-21534
c94 (base 16) to base 6
22524
What is 311 (base 10) in base 3?
102112
Convert 1dc (base 16) to base 7.
1250
Convert -b7 (base 14) to base 3.
-12222
What is -11034 (base 6) in base 2?
-10111111110
Convert 2ae (base 16) to base 9.
842
-457 (base 13) to base 6
-3244
Convert -15333 (base 6) to base 16.
-9c9
Convert c43 (base 15) to base 7.
11025
-891 (base 13) to base 10
-1470
Convert -1141 (base 5) to base 9.
-210
What is -1601 (base 8) in base 15?
-3ec
-552 (base 7) to base 13
-189
1000011110 (base 2) to base 5
4132
-1102110120 (base 3) to base 5
-1344131
What is -281 (base 13) in base 8?
-673
Convert 111001010101 (base 2) to base 12.
2159
Convert -368 (base 12) to base 2.
-1000000000
Convert 21202 (base 5) to base 16.
593
2421 (base 7) to base 8
1601
Convert 33674 (base 8) to base 9.
21513
-1221 (base 6) to base 7
-610
Convert 26f0 (base 16) to base 6.
114052
Convert -10a2a (base 11) to base 7.
-64210
-1001002 (base 3) to base 2
-1011110110
Convert -111011011001001 (base 2) to base 7.
-154441
-446 (base 10) to base 13
-284
5813 (base 10) to base 6
42525
Convert 1247 (base 10) to base 2.
10011011111
Convert -322 (base 15) to base 6.
-3135
Convert 14301 (base 5) to base 12.
841
-102260 (base 7) to base 10
-17633
6369 (base 13) to base 9
20806
What is -11344 (base 5) in base 3?
-1011110
Convert 39848 (base 10) to base 4.
21232220
Convert 224 (base 14) to base 13.
268
1134224 (base 5) to base 16
52c5
What is -2a9 (base 13) in base 2?
-111011101
1051a (base 16) to base 12
32822
Convert -2211 (base 4) to base 3.
-20010
What is -928 (base 11) in base 9?
-1473
Convert -521400 (base 6) to base 8.
-121550
Convert -4939 (base 10) to base 14.
-1b2b
What is -104663 (base 7) in base 6?
-221422
What is -213541 (base 6) in base 7?
-102415
22114 (base 11) to base 16
7d50
Convert 213200 (base 4) to base 13.
11c6
What is 22202111 (base 3) in base 9?
8674
What is 33143 (base 5) in base 9?
3133
Convert -15234 (base 6) to base 16.
-9a6
-4815 (base 10) to base 9
-6540
What is -22302 (base 7) in base 14?
-20a9
What is 17032 (base 10) in base 2?
100001010001000
201 (base 3) to base 11
18
What is -2202210220 (base 3) in base 2?
-1101010100001001
What is 320333 (base 5) in base 12?
6252
Convert -212 (base 4) to base 14.
-2a
What is -1765 (base 11) in base 4?
-203021
-52354 (base 7) to base 13
-5b27
What is -261 (base 9) in base 6?
-1001
What is -414444 (base 5) in base 8?
-32665
What is -321222 (base 4) in base 2?
-111001101010
Convert 353 (base 12) to base 9.
610
Convert 1030212 (base 5) to base 16.
4495
What is -303 (base 13) in base 3?
-200220
What is -251 (base 14) in base 4?
-13033
What is 3c (base 14) in base 11?
4a
-458e (base 15) to base 14
-5543
Convert 6623 (base 7) to base 9.
3222
Convert 3235 (base 7) to base 10.
1153
1402 (base 5) to base 10
227
Convert -1110110100 (base 2) to base 4.
-32310
131416 (base 7) to base 14
8d46
What is 6831 (base 15) in base 7?
121264
Convert -3357 (base 8) to base 5.
-24100
What is 20710 (base 9) in base 6?
143230
Convert 20504 (base 7) to base 8.
11673
Convert -606 (base 11) to base 8.
-1334
What is 1438 (base 12) in base 2?
100100101100
-45643 (base 7) to base 14
-435a
Convert 376 (base 10) to base 8.
570
199 (base 10) to base 13
124
Convert -403 (base 9) to base 6.
-1303
What is -c21 (base 15) in base 12?
-16b7
-2928 (base 12) to base 4
-1022300
-1101010 (base 4) to base 5
-131223
Convert -12756 (base 9) to base 4.
-2012331
What is -25286 (base 11) in base 9?
-54673
What is -1302 (base 4) in base 14?
-82
Convert -3442 (base 14) to base 10.
-9074
19a (base 14) to base 15
172
Convert 328 (base 15) to base 2.
1011001001
Convert 14347 (base 8) to base 15.
1d50
319 (base 11) to base 15
1a8
Convert 4558 (base 12) to base 6.
55352
Convert -31a (base 16) to base 8.
-1432
1011010011 (base 2) to base 5
10343
-1413 (base 14) to base 13
-17c9
Convert 1000000111100 (base 2) to base 8.
10074
Convert 2178 (base 12) to base 16.
e6c
Convert -10020031 (base 4) to base 6.
-210141
Convert 848 (base 10) to base 11.
701
What is 102 (base 6) in base 7?
53
Convert 9b69 (base 14) to base 16.
6941
Convert -1611 (base 7) to base 2.
-1010000101
What is -8678 (base 9) in base 8?
-14365
-450 (base 6) to base 9
-213
What is 612 (base 14) in base 7?
3322
-4214 (base 7) to base 12
-a35
Convert 10102 (base 4) to base 9.
334
-16939 (base 11) to base 5
-1230013
What is 1020201 (base 6) in base 11?
34068
What is 324631 (base 7) in base 5?
3310121
-15653 (base 8) to base 16
-1bab
-4261 (base 11) to base 9
-7648
What is -24110 (base 8) in base 15?
-30c7
What is 622 (base 8) in base 3?
112220
18457 (base 13) to base 10
46885
What is 8007 (base 10) in base 2?
1111101000111
What is 1012002220 (base 3) in base 16?
5b6e
1011110000101100 (base 2) to base 11
33213
241 (base 13) to base 4
12013
Convert -105663 (base 8) to base 10.
-35763
What is 1b39 (base 12) in base 10?
3357
Convert 415011 (base 7) to base 3.
10121212200
What is 48410 (base 10) in base 16?
bd1a
What is 32ab (base 12) in base 11?
4234
What is -626 (base 8) in base 7?
-1120
-345 (base 7) to base 6
-500
What is 131230 (base 5) in base 14?
1c6a
1101101101 (base 2) to base 3
1012111
What is -86b (base 14) in base 2?
-11001111111
What is 3554 (base 6) in base 3?
1011221
What is -6577 (base 13) in base 8?
-33455
What is 10343 (base 5) in base 9?
883
Convert -20021 (base 3) to base 12.
-121
Convert -7014 (base 13) to base 5.
-443041
Convert -379 (base 14) to base 15.
-315
Convert 21111201 (base 3) to base 11.
4126
Convert 486 (base 10) to base 5.
3421
What is -1681 (base 10) in base 4?
-122101
What is -3e20 (base 16) in base 9?
-23731
What is -140 (base 11) in base 15?
-b0
Convert -1110111112 (base 3) to base 8.
-70174
22a (base 15) to base 3
200011
-424143 (base 5) to base 12
-8336
-12121233 (base 4) to base 7
-136311
Convert -5120 (base 11) to base 16.
-1a8e
What is -10479 (base 11) in base 8?
-35553
-1310 (base 4) to base 5
-431
What is 663 (base 12) in base 10?
939
-3789 (base 13) to base 8
-17317
2010101 (base 3) to base 13
922
Convert -1011000010000 (base 2) to base 11.
-4275
10130031 (base 4) to base 2
100011100001101
2230 (base 6) to base 2
1000001010
-1607 (base 8) to base 15
-403
Convert -13554 (base 7) to base 3.
-12002120
Convert -244 (base 14) to base 3.
-121202
7105 (base 12) to base 15
3965
What is 249 (base 16) in base 14?
2db
Convert -206b (base 12) to base 4.
-313103
-c919 (base 14) to base 6
-424415
What is -1400 (base 5) in base 14?
-121
Convert -70675 (base 8) to base 12.
-14a25
Convert 6026 (base 13) to base 7.
53345
-8684 (base 11) to base 3
-120201200
Convert 406 (base 7) to base 13.
127
Convert 9a41 (base 13) to base 6.
2433